4). Let j(s) be the first derivative of -s**6/360 - s**5/30 - 10*s**3/3 - 24. Let l(n) be the third derivative of j(n). What is l(p)?
-5
Let c(d) = d**3 - 7*d**2 + 8*d + 4. Suppose -5*b + 0 = 15. Let a(r) = r - 1. Let n(g) = b*a(g) + c(g). Let j be (5/(-3))/(-3 - 196/(-72)). What is n(j)?
1
Suppose -14*g + 5*g = 45. Let s be -30 + 19 + g/(10/(-4)). Let w(u) = u + 12. Determine w(s).
3
Let u(h) be the second derivative of -h**3/6 + 6*h**2 + 916*h. What is u(15)?
-3
Suppose -16*j + 17*j = 70. Let h be (2970/j)/(-11) + (-2)/14. Let z(o) = -o**2 - 2*o + 5. What is z(h)?
-3
Let l(q) be the third derivative of -q**5/60 + 11*q**4/24 + 2*q**3/3 + 5*q**2 - 100*q. Calculate l(10).
14
Let j(t) = t**3 - 2*t**2 - 13*t + 3. Suppose 25*h - 94 + 8 = 39. Calculate j(h).
13
Suppose -2*q - 4*k + k = 10, -38 = 4*q - 3*k. Let l(c) = -4*c - 34. What is l(q)?
-2
Suppose y + 0*y = 0. Let a(b) = -6*b + 7. Let q(x) = x - 1. Let k(s) = a(s) + 5*q(s). Calculate k(y).
2
Suppose 2*x - 32*r - 1703 = -31*r, 1697 = 2*x + r. Let h = x - 842. Let y(w) = w - 1. Give y(h).
7
Suppose -30 = 53*b + 288. Let m(t) = t**3 + 6*t**2 + 7*t + 15. Determine m(b).
-27
Let v(w) = -6*w**3 + 18*w**2 - 4*w + 1. Let s = 208 - 207. Let k(h) = -h**3 + 2*h**2 - h + 2. Let j(u) = s*v(u) - 5*k(u). Determine j(8).
-1
Suppose 35*d - 604 + 219 = 0. Let q(m) = 7*m**3 - 136*m + 148*m + d*m**2 - 8*m**3. Give q(12).
0
Let y(a) = a**3 + 11*a**2 - 4*a - 53. Let w = 3589 - 3600. Determine y(w).
-9
Let l(i) = -i**3 + 24*i**2 - 24*i + 36. Suppose 2*r - 4*v - 49 = -3*v, -3*v = 4*r - 83. Calculate l(r).
13
Let q(z) = 18*z + 35. Let t = 303 - 305. What is q(t)?
-1
Suppose -3*a - 2*a - 2*j + 20 = 0, -4*a - 4*j + 28 = 0. Suppose -2*c + m - 4 = -a*m, c + 5*m - 24 = 0. Let i(l) = 0 + 2 + 5*l + l - c*l. Give i(2).
6
Let y(k) be the first derivative of k**4/2 + 62*k**3/3 - k**2 - 58*k - 2537. What is y(-31)?
4
Suppose -2*n + b - 12 = -b, 4*b = -3*n - 39. Let i(w) = w**3 + 0*w**3 - 200058 + 200052 + 8*w**2 - 12*w. What is i(n)?
21
Let s(v) = -4*v - 18. Let d = 31021 - 31035. Calculate s(d).
38
Let q = 5499 + -5501. Let k(h) be the first derivative of -h**4/4 + 2*h**3/3 + 3*h**2/2 - 2. Calculate k(q).
10
Let v(u) be the first derivative of -3/2*u**2 + 4*u - 2. Let x(z) = -z + 11. Let p be x(5). Determine v(p).
-14
Let q(z) = 2*z**3 + 8*z**2 + 13. Let l be q(-4). Suppose 18*k - l*k - 450 = 0. Let s = 93 - k. Let m(n) = 2*n - 3. What is m(s)?
3
Suppose 12 = -f + 4*f. Let s(x) = -5*x - 5*x + 10*x - x**2 - f*x. What is s(-6)?
-12
Let l(i) = 7*i + 66. Let o be 1/(-3) - -6*35/(-18). Calculate l(o).
-18
Let w(l) be the second derivative of -l**4/12 + 4*l**3/3 + 2*l**2 + 84*l - 1. Calculate w(6).
16
Suppose 47 = -2*v + 2*y - 91, -5*v + 4*y - 347 = 0. Let m = v + 55. Let k be 4/m*0/4. Let s(d) = d + 5. Calculate s(k).
5
Let z be -1 + 6937/(-35) + 1/5. Let l = z + 193. Let h(s) = -s - 5. Determine h(l).
1
Let a(y) = -82*y**2 - 117*y + 562. Let s(h) = 35*h**2 + 59*h - 281. Let i(c) = 3*a(c) + 7*s(c). Give i(57).
4
Let v be -2*(-4)/(-8) + 1. Suppose 4*f - 20 = v, 0 = -0*a + 3*a + f - 11. Suppose -2*n - 12 = -a*s, -11 = 4*s + n + 2*n. Let o(g) = g**3 + g. Give o(s).
2
Let b be (-1 + -3)/((-20)/6 + 2). Suppose 0 = -4*p + 5*u - 319, 4*u = -b*p + 8*p + 401. Let i = -75 - p. Let q(d) = -d**2 + 7*d - 4. Give q(i).
2
Let l(s) = 3*s**3 - 23*s**2 + 13*s + 9. Let i be l(7). Let r(v) = -v**2 - 6*v + 9. What is r(i)?
-7
Suppose -5*r + d - 13 = -r, -2*d + 17 = -5*r. Let y be (-6 + 7)/(r/(-15)). Let k(p) = p**3 - 6*p**2 + 6*p. What is k(y)?
5
Let k(f) = -3*f**2 + 14*f - 10. Let d be (-2)/12*-12 + (2 - -2). What is k(d)?
-34
Let l(y) = -y**2 + 2*y - 4. Suppose -3*d + 12 = -0. Suppose 0*f + 5*z - 10 = -2*f, 5*f + d*z = 25. Let s be 60/(-24)*(-6)/f. Determine l(s).
-7
Suppose -5*t = -o - o - 20, -t - o = -4. Suppose d + 2 = t*h, 2*d + 2 = -2. Let u(m) = 7*m**2 - 3 - 2*m**3 + 8*m + h*m**3 + m**3. Determine u(8).
-3
Suppose -2*i - 4*u = 38, 5*i + 3*u + 23 = -93. Let o = i - -20. Let q(n) = 3 - n**2 + 0*n - 3*n - n. Determine q(o).
-2
Let z be (8 - 8)/((-6)/(-3)). Let l(w) be the third derivative of -19*w**2 + z*w**3 + 0 + 0*w + 1/24*w**4 - 1/60*w**5. Calculate l(0).
0
Suppose 0 = 3*c + 59 - 161. Suppose -3*x - 36 = -2*j - 3*j, 2*x = 5*j - c. Let m(q) = -2*q**2 + 10*q + 8. Determine m(j).
-4
Let c be ((-11)/4)/(7/(-28)). Suppose 5*u + c = -2*s, s + u + 4 = -u. Let j(f) = -2*f**3 + 3*f**2 - 3*f + 5. Give j(s).
-5
Let m(h) = 2*h - 13. Suppose 24 + 32 = 5*z + 26. Give m(z).
-1
Let l(r) = -4*r**3 + 9*r**2 - 11*r + 4. Let y(v) = v**3 - v**2 + 6*v. Let p(i) = l(i) + 3*y(i). Let g(q) = -36*q + 259. Let z be g(7). Calculate p(z).
4
Let t = -2987 - -2993. Let c(m) = 2*m**2 - 7*m - 4. Give c(t).
26
Let t be 8/(80/(-30)) + 2. Let y(k) = -20*k - 4. Give y(t).
16
Let m(c) be the third derivative of c**5/60 - c**4/8 - c**3/6 - 85*c**2. Suppose -5*h + o + 3 = -9, -18 = -h - 5*o. Give m(h).
-1
Let k(z) = -10*z + 291 + 6*z**2 + 9*z**2 - z**3 - 2*z**2 - 310. Give k(12).
5
Let k(q) = -q**2 - 6*q - 11. Let j be (10 - -14)*3/(-8). Determine k(j).
-38
Let h(g) = -g**2 + 8*g + 39. Suppose 4*v + 3*z = 62, -38*z - 4 = -v - 33*z. Give h(v).
-45
Let i(j) = -3*j**2 + 14*j + 5. Let q be (-22 - -20)*4/(-1 - 1). Calculate i(q).
13
Let i(m) = -385 + 21*m + 319 + 289 + 210 + 49. Give i(-23).
-1
Suppose 3*j - 4 = 29. Let d(h) = 214*h**3 - 10*h - 215*h**3 + h**2 - 2 - 4 + 9*h**2 + 2*h**2. Calculate d(j).
5
Let u(o) = -7*o**2 - 21*o + 4. Let m(a) = 7*a**2 + 27*a - 5. Suppose 2*p + 152 = 142. Let g(x) = p*u(x) - 4*m(x). What is g(2)?
22
Suppose q = -2*q. Let p(r) = -7*r**3 + 5*r**2 + r - 65. Let l(u) = -34*u**3 + 24*u**2 + 5*u - 313. Let c(y) = -6*l(y) + 29*p(y). What is c(q)?
-7
Let n(g) = -g + 13. Let k be 18/12*14 + -6. Let l(d) = -d**2 + 9*d + 96. Let u be l(k). Calculate n(u).
7
Let t(u) = u**2 + 9*u + 9. Let l be (-3495)/85 + (-20)/(-170). Suppose 4*i + 131 = 3*h, -5*i - 3*h = -0*i + 184. Let x = l - i. Give t(x).
-9
Suppose 18*c + 13*c + 18 = 111. Let s(n) = 3*n**3 + 5*n**2 - 6. Give s(c).
120
Let h(a) = -666 - 31*a - 59*a + 670 + 23*a. What is h(-2)?
138
Let v = 79 + -82. Let r(g) = -13*g**2 - 2*g - 4. Let u(h) = 1. Let x(i) = v*u(i) - r(i). Let d = -3 - -2. Calculate x(d).
12
Let c(g) = -g**2 + g + 4. Suppose -b - 12 = -14. Suppose -4*j = -o - 12, 2*j = b*o - 3*j + 12. What is c(o)?
-8
Let d(v) = v + 8. Let r(g) = 4*g - 3*g**2 + g - 2 - 5*g + 37 - 6*g. Let j be r(-5). Determine d(j).
-2
Let q be (-8*(-9)/(-10))/(3/45*3). Let m(d) = -d**3 - 35*d**2 + 36*d. Determine m(q).
0
Suppose 8505*d = 8518*d + 104. Let m(t) = -t**3 - 6*t**2 + 19*t + 16. Give m(d).
-8
Let w(l) = 26*l - 46. Let v = -27430 - -27434. Determine w(v).
58
Let h = 8506 - 8505. Let f(z) = -39*z + 33. Determine f(h).
-6
Let k(u) = u**2 - 4*u - 3. Let t(v) = 2*v**3 + v**2 + 4*v - 22. Let r be t(2). What is k(r)?
9
Let i(y) = 43*y + 43. Let o(f) = -33*f - 47. Let u(r) = 3*i(r) + 4*o(r). Calculate u(-17).
-8
Let z(g) be the first derivative of g**2/2 + 4*g - 42. Suppose -5*o - 2*u + 31 = -6*u, 4*u = 2*o - 10. Suppose -5*c - 13 - o = 0. Calculate z(c).
0
Let w(j) = 6 + 7 - 3367178*j**2 + 7*j + 3367176*j**2. Calculate w(10).
-117
Let y(g) be the third derivative of g**6/120 - g**5/12 + g**4/3 - 17*g**3/6 + g**2 + 927. Calculate y(6).
67
Let y = -268 + 301. Let f = 26 - y. Let k(r) = -6*r - 8. Determine k(f).
34
Let w(o) be the third derivative of o**7/840 + o**6/60 + o**5/120 + 13*o**4/24 - 73*o**3/2 + 283*o**2. Let v(c) be the first derivative of w(c). Give v(-6).
7
Suppose 5*t - 59 = -v, -2*t - 2*v + 49 - 35 = 0. Let y(x) = 11*x - 104. Calculate y(t).
39
Let i(m) = 4*m + 8. Suppose -2 + 44 = -873*k + 870*k. Calculate i(k).
-48
Let r(o) = -5*o**3 - 3*o**2 - o + 19. Let m(a) = 39 + 79*a**3 - 5*a**2 - 90*a**3 + a - 3*a. Let j(w) = 6*m(w) - 13*r(w). Calculate j(9).
-4
Let t(j) = -13*j**2 - 70*j + 50. Let x be t(-6). Let f(u) be the second derivative of 9*u + 3*u**x + 1/6*u**3 + 0. Calculate f(-10).
-4
Let g be (-37 + 30)*((-216)/(-42) - 6). Let d(h) = -h**2 + 2*h + 56. Determine d(g).
32
Let a(s) be the third derivative of s**5/30 + s**4/4 - 11*s**3/6 + 1048*s**2. Determine a(-8).
69
Let a(s) = 2*s**3 - 10*s**2 + 4*s - 16. Let b be a(5). Let p(n) = 0*n**3 - 2*n**2 + n**3 + 5 - 5 - 5*n. Calculate p(b).
12
Let f(c) = c**2 + 